{"id":3870,"date":"2018-03-22T11:29:24","date_gmt":"2018-03-22T10:29:24","guid":{"rendered":"https:\/\/www.nidauer-stedtlifest.ch\/confirmation\/"},"modified":"2025-11-15T10:56:22","modified_gmt":"2025-11-15T09:56:22","slug":"confirmation","status":"publish","type":"page","link":"https:\/\/www.nidauer-stedtlifest.ch\/fr\/confirmation\/","title":{"rendered":"Confirmation"},"content":{"rendered":"\n<h2 class=\"wp-block-heading\">Merci beaucoup !<\/h2>\n\n<p>Nous avons bien re\u00e7u votre demande. Nous l&rsquo;examinerons volontiers et reprendrons contact avec vous.<\/p>\n\n<p><\/p>\n\n<p>Veuillez \u00e9galement noter que l&rsquo;attribution d\u00e9finitive des stands et la confirmation de participation sous forme de facture ne seront envoy\u00e9es qu&rsquo;apr\u00e8s la date limite d&rsquo;inscription, vers la fin f\u00e9vrier.<\/p>\n\n<p><\/p>\n","protected":false},"excerpt":{"rendered":"<p>Merci beaucoup ! Nous avons bien re\u00e7u votre demande. Nous l&rsquo;examinerons volontiers et reprendrons contact avec vous. Veuillez \u00e9galement noter que l&rsquo;attribution d\u00e9finitive des stands et la confirmation de participation sous forme de facture ne seront envoy\u00e9es qu&rsquo;apr\u00e8s la date limite d&rsquo;inscription, vers la fin f\u00e9vrier.<\/p>\n","protected":false},"author":9,"featured_media":0,"parent":0,"menu_order":5,"comment_status":"closed","ping_status":"closed","template":"","meta":{"_acf_changed":false,"footnotes":""},"seitenarten":[],"class_list":["post-3870","page","type-page","status-publish"],"acf":[],"_links":{"self":[{"href":"https:\/\/www.nidauer-stedtlifest.ch\/fr\/wp-json\/wp\/v2\/pages\/3870","targetHints":{"allow":["GET"]}}],"collection":[{"href":"https:\/\/www.nidauer-stedtlifest.ch\/fr\/wp-json\/wp\/v2\/pages"}],"about":[{"href":"https:\/\/www.nidauer-stedtlifest.ch\/fr\/wp-json\/wp\/v2\/types\/page"}],"author":[{"embeddable":true,"href":"https:\/\/www.nidauer-stedtlifest.ch\/fr\/wp-json\/wp\/v2\/users\/9"}],"replies":[{"embeddable":true,"href":"https:\/\/www.nidauer-stedtlifest.ch\/fr\/wp-json\/wp\/v2\/comments?post=3870"}],"version-history":[{"count":2,"href":"https:\/\/www.nidauer-stedtlifest.ch\/fr\/wp-json\/wp\/v2\/pages\/3870\/revisions"}],"predecessor-version":[{"id":4847,"href":"https:\/\/www.nidauer-stedtlifest.ch\/fr\/wp-json\/wp\/v2\/pages\/3870\/revisions\/4847"}],"wp:attachment":[{"href":"https:\/\/www.nidauer-stedtlifest.ch\/fr\/wp-json\/wp\/v2\/media?parent=3870"}],"wp:term":[{"taxonomy":"seitenarten","embeddable":true,"href":"https:\/\/www.nidauer-stedtlifest.ch\/fr\/wp-json\/wp\/v2\/seitenarten?post=3870"}],"curies":[{"name":"wp","href":"https:\/\/api.w.org\/{rel}","templated":true}]}}

<h2 class="wp-block-heading">Merci beaucoup !</h2>

<p>Nous avons bien reçu votre demande. Nous l&rsquo;examinerons volontiers et reprendrons contact avec vous.</p>

<p></p>

<p>Veuillez également noter que l&rsquo;attribution définitive des stands et la confirmation de participation sous forme de facture ne seront envoyées qu&rsquo;après la date limite d&rsquo;inscription, vers la fin février.</p>

<p></p>

<p>Merci beaucoup ! Nous avons bien reçu votre demande. Nous l&rsquo;examinerons volontiers et reprendrons contact avec vous. Veuillez également noter que l&rsquo;attribution définitive des stands et la confirmation de participation sous forme de facture ne seront envoyées qu&rsquo;après la date limite d&rsquo;inscription, vers la fin février.</p>
